ctor of 82271728 and 22?
22
Calculate the highest common divisor of 256 and 301088.
32
What is the highest common factor of 19 and 7841081557?
19
Calculate the highest common divisor of 418117 and 173098.
1219
Calculate the greatest common divisor of 8666 and 2651177.
619
Calculate the highest common factor of 10064 and 23148458.
1258
What is the greatest common divisor of 199440 and 13860?
180
What is the greatest common factor of 9 and 2181183?
3
Calculate the highest common factor of 1846520754 and 6474.
6474
What is the greatest common divisor of 110 and 14420230?
110
Calculate the highest common divisor of 56494809 and 630.
63
What is the highest common divisor of 857358081 and 81?
27
Calculate the highest common factor of 385 and 133616329.
77
What is the highest common factor of 331510221 and 693?
63
What is the highest common factor of 57072 and 9717?
123
Calculate the greatest common factor of 24533216 and 24.
8
What is the greatest common factor of 675779 and 2?
1
Calculate the greatest common factor of 96560 and 124500.
20
Calculate the highest common divisor of 10014485 and 26.
13
What is the highest common factor of 20482 and 25997244?
1862
Calculate the highest common divisor of 2109918 and 318.
6
Calculate the greatest common factor of 252130 and 1140.
190
What is the greatest common factor of 1116 and 7870404?
372
Calculate the highest common factor of 8519060 and 6655.
55
Calculate the greatest common factor of 3916958 and 621648.
2878
Calculate the highest common divisor of 18957342 and 6.
6
What is the greatest common divisor of 878488 and 793?
13
Calculate the greatest common divisor of 96 and 382726884.
12
What is the highest common factor of 1268204 and 27916?
28
What is the greatest common factor of 2061256 and 8?
8
What is the greatest common divisor of 1280 and 638784?
64
What is the highest common factor of 17020095 and 95?
5
What is the greatest common divisor of 15 and 3647337?
3
Calculate the highest common factor of 12772 and 2900892.
412
Calculate the greatest common factor of 4650 and 10943000.
1550
Calculate the greatest common divisor of 651648 and 105720.
24
Calculate the greatest common divisor of 6851 and 233987.
13
What is the highest common factor of 494964 and 216?
108
What is the highest common factor of 290253360 and 300?
60
What is the highest common divisor of 18419904 and 339?
339
What is the greatest common divisor of 5712696 and 3960?
792
What is the greatest common divisor of 450 and 88222590?
90
Calculate the highest common divisor of 17219 and 3722902.
257
Calculate the greatest common factor of 63834974 and 406.
406
Calculate the highest common divisor of 31378356 and 180.
36
What is the highest common factor of 80592095 and 155?
155
What is the highest common factor of 2 and 10500792?
2
What is the highest common factor of 492 and 2614324?
164
Calculate the greatest common factor of 11320 and 26065432.
2264
Calculate the highest common factor of 1260 and 1203860.
140
What is the highest common factor of 24375 and 1538625?
375
Calculate the highest common factor of 19584 and 6513516.
612
Calculate the greatest common divisor of 141 and 173892480.
141
What is the highest common factor of 125950008 and 1122?
102
What is the greatest common factor of 3770 and 28095780?
290
Calculate the highest common factor of 64 and 14766896.
16
What is the greatest common divisor of 40 and 2166499000?
40
What is the greatest common divisor of 290353 and 245?
7
What is the greatest common divisor of 2711072 and 459648?
4256
What is the highest common factor of 1644548675 and 275?
275
What is the greatest common divisor of 348435781 and 1231?
1231
Calculate the highest common factor of 4877431 and 5512.
689
What is the greatest common divisor of 19 and 102121162?
19
Calculate the greatest common factor of 8 and 26731592.
8
Calculate the highest common factor of 4783 and 2015642294.
4783
What is the greatest common divisor of 1810 and 143450?
10
What is the highest common divisor of 6000 and 459338000?
2000
What is the highest common divisor of 11318475 and 300?
75
Calculate the highest common divisor of 13040235 and 2925.
585
Calculate the greatest common divisor of 72972830 and 140.
70
What is the highest common factor of 49414845 and 603?
201
Calculate the highest common divisor of 10332712 and 56.
8
Calculate the greatest common factor of 5375 and 228932.
43
What is the highest common factor of 375198 and 321?
3
Calculate the greatest common factor of 5747 and 32389.
7
Calculate the greatest common divisor of 953276 and 21172.
268
What is the greatest common factor of 3280 and 100832735?
205
What is the greatest common factor of 1834 and 1819440?
14
Calculate the greatest common divisor of 272 and 3064.
8
Calculate the highest common factor of 6097395 and 105.
15
What is the highest common factor of 99397386 and 846?
846
Calculate the highest common factor of 61108922 and 6685.
1337
What is the highest common divisor of 77994759 and 408?
51
Calculate the highest common factor of 5368 and 25701313.
671
What is the highest common divisor of 91770 and 16548546?
966
Calculate the greatest common divisor of 782 and 2469947.
391
Calculate the greatest common factor of 1208196 and 85932.
396
What is the highest common divisor of 146247 and 8178?
87
What is the highest common factor of 4236 and 48039417?
1059
What is the highest common factor of 627067 and 10759?
203
Calculate the highest common factor of 8674465 and 185.
185
Calculate the greatest common factor of 1638 and 34232198.
182
Calculate the highest common factor of 1842228 and 81468.
2628
What is the greatest common divisor of 1522258 and 5?
1
Calculate the greatest common factor of 148552 and 272.
8
What is the greatest common divisor of 5754 and 24906?
42
Calculate the greatest common divisor of 54 and 145439334.
54
Calculate the greatest common factor of 457714160 and 3280.
3280
Calculate the highest common divisor of 28502756 and 36.
4
What is the highest common divisor of 322719852 and 3717?
1239
Calculate the greatest common factor of 1069161 and 13.
1
Calculate the greatest common factor of 797 and 1969508941.
797
Calculate the highest common factor of 60283020 and 204.
204
What is the greatest common factor of 13 and 2151139?
1
Calculate the highest common factor of 40804464 and 60.
12
Calculate the highest common factor of 23966115 and 1380.
345
What is the greatest common factor of 50 and 29114275?
25
Calculate the highest common factor of 37254 and 236047.
7
What is the highest common divisor of 1406968 and 1481392?
3544
What is the highest common divisor of 126 and 22345218?
126
Calculate the greatest common factor of 7796 and 638278010.
3898
What is the highest common factor of 660039888 and 6?
6
Calculate the highest common divisor of 59 and 259147470.
59
Calculate the highest common divisor of 50253072 and 60.
12
What is the highest common factor of 73321521 and 39?
39
What is the greatest common factor of 496 and 2288602?
2
What is the greatest common factor of 9 and 1024069122?
9
What is the highest common divisor of 6614175 and 23025?
75
Calculate the greatest common factor of 20792742 and 458.
458
What is the greatest common factor of 26909232 and 2448?
816
Calculate the highest common factor of 54432 and 797664.
672
Calculate the highest common factor of 2650 and 2902249525.
1325
What is the greatest common divisor of 23962 and 138?
2
Calculate the greatest common divisor of 259870 and 21555.
5
What is the greatest common factor of 151401 and 40281?
1389
What is the highest common factor of 16406292 and 153?
51
What is the highest common divisor of 5159 and 4485181?
67
Calculate the highest common factor of 18 and 1319232.
6
Calculate the greatest common divisor of 51516795 and 28633.
1507
Calculate the highest common divisor of 66408 and 303.
3
Calculate the highest common divisor of 49 and 141382297.
49
Calculate the highest common divisor of 4355 and 9849.
67
Calculate the highest common factor of 210875 and 237385.
1205
What is the greatest common divisor of 38361 and 1767?
57
What is the highest common factor of 1071 and 4811289?
357
What is the highest common divisor of 6248868 and 356?
356
Calculate the greatest common divis